{"id":358,"date":"2020-09-25T17:33:53","date_gmt":"2020-09-25T17:33:53","guid":{"rendered":"https:\/\/www.centine.cl\/site\/?page_id=358"},"modified":"2021-10-15T19:21:57","modified_gmt":"2021-10-15T19:21:57","slug":"politica-de-seguridad-y-salud-en-el-trabajo","status":"publish","type":"page","link":"https:\/\/www.centine.cl\/site\/politica-de-seguridad-y-salud-en-el-trabajo\/","title":{"rendered":"Pol\u00edtica Integrada"},"content":{"rendered":"\n<p>SERVICIOS DE INGENIER\u00cdA Y TRANSPORTE DE CARGA CENTINE LTDA., empresa dedicada a proyectos de L\u00edneas Energizadas, Poda, Construcci\u00f3n y Mantenimiento del Sistema El\u00e9ctrico de Media y Baja Tensi\u00f3n, realiza sus labores cumpliendo las necesidades y expectativas de sus clientes y partes interesadas, reduciendo al m\u00e1ximo los riesgos de accidentes y enfermedades profesionales, en resguardo de la integridad f\u00edsica y salud de todos sus trabajadores, del medio ambiente y tambi\u00e9n de sus instalaciones y bienes.\u00a0<\/p>\n\n\n\n<p>Se compromete a:<\/p>\n\n\n\n<div class=\"wp-block-group\"><div class=\"wp-block-group__inner-container\">\n<ol type=\"1\"><li>proporcionar condiciones de trabajo seguras y saludables para la prevenci\u00f3n de lesiones y deterioro de la salud de sus trabajadores;<\/li><li>cumplir los requisitos normativos, legales, del cliente y otras partes interesadas;<\/li><li>Proteger el medio ambiente, previniendo la contaminaci\u00f3n y asegurando el uso sostenible de los recursos.<\/li><li>eliminar los peligros y reducir los riesgos en seguridad y salud;<\/li><li>fomentar la consulta y participaci\u00f3n de sus trabajadores;<\/li><li>mejorar continuamente su sistema integrado de gesti\u00f3n<\/li><\/ol>\n<\/div><\/div>\n\n\n\n<p>CENTINE, llama a sus trabajadores a participar activa y permanentemente en todas las actividades que tengan por objeto cumplir con los requisitos del cliente, reducir los riesgos y preservar el medio ambiente; a desempe\u00f1ar su labor en la forma m\u00e1s segura para ellos y a cumplir las disposiciones del sistema integrado de gesti\u00f3n, entendiendo que sus exigencias no son excesivas y que en cambio contribuir\u00e1n a aumentar la satisfacci\u00f3n del cliente, la seguridad, la protecci\u00f3n del medio ambiente, las buenas relaciones y la prosperidad tanto en las faenas como en el hogar y la comunidad.<\/p>\n","protected":false},"excerpt":{"rendered":"<p>SERVICIOS DE INGENIER\u00cdA Y TRANSPORTE DE CARGA CENTINE LTDA., empresa dedicada a proyectos de L\u00edneas Energizadas, Poda, Construcci\u00f3n y Mantenimiento del Sistema El\u00e9ctrico de Media y Baja Tensi\u00f3n, realiza sus labores cumpliendo las necesidades y expectativas de sus clientes y partes interesadas, reduciendo al m\u00e1ximo los riesgos de accidentes y enfermedades profesionales, en resguardo de<\/p><\/div>\n<div class=\"blog-btn\"><a href=\"https:\/\/www.centine.cl\/site\/politica-de-seguridad-y-salud-en-el-trabajo\/\" class=\"home-blog-btn\">Leer m\u00e1s<\/a><\/p>\n","protected":false},"author":1,"featured_media":0,"parent":0,"menu_order":0,"comment_status":"closed","ping_status":"closed","template":"","meta":[],"_links":{"self":[{"href":"https:\/\/www.centine.cl\/site\/wp-json\/wp\/v2\/pages\/358"}],"collection":[{"href":"https:\/\/www.centine.cl\/site\/wp-json\/wp\/v2\/pages"}],"about":[{"href":"https:\/\/www.centine.cl\/site\/wp-json\/wp\/v2\/types\/page"}],"author":[{"embeddable":true,"href":"https:\/\/www.centine.cl\/site\/wp-json\/wp\/v2\/users\/1"}],"replies":[{"embeddable":true,"href":"https:\/\/www.centine.cl\/site\/wp-json\/wp\/v2\/comments?post=358"}],"version-history":[{"count":6,"href":"https:\/\/www.centine.cl\/site\/wp-json\/wp\/v2\/pages\/358\/revisions"}],"predecessor-version":[{"id":556,"href":"https:\/\/www.centine.cl\/site\/wp-json\/wp\/v2\/pages\/358\/revisions\/556"}],"wp:attachment":[{"href":"https:\/\/www.centine.cl\/site\/wp-json\/wp\/v2\/media?parent=358"}],"curies":[{"name":"wp","href":"https:\/\/api.w.org\/{rel}","templated":true}]}}