{"id":34,"date":"2018-10-07T18:38:55","date_gmt":"2018-10-07T18:38:55","guid":{"rendered":"https:\/\/centine.cl\/site\/?page_id=34"},"modified":"2021-10-19T19:06:35","modified_gmt":"2021-10-19T19:06:35","slug":"mision","status":"publish","type":"page","link":"https:\/\/www.centine.cl\/site\/mision\/","title":{"rendered":"Misi\u00f3n"},"content":{"rendered":"<p style=\"text-align: left;\"><span style=\"font-weight: 400;\">Entregar un servicio de ingenier\u00eda el\u00e9ctrica a nuestros clientes, garantizando estrictos est\u00e1ndares de calidad, seguridad y respeto al medio ambiente, contando con los mejores profesionales y personal competente, que nos permita generar d\u00eda a d\u00eda nuevas herramientas para potenciar nuestras capacidades como l\u00edderes en las \u00e1reas de L\u00edneas Energizadas, Construcci\u00f3n y Mantenimiento del Sistema El\u00e9ctrico de Media y Baja Tensi\u00f3n.<\/span><\/p>\n\n\n<div style=\"height:44px\" aria-hidden=\"true\" class=\"wp-block-spacer\"><\/div>\n\n\n\n<div class=\"wp-block-image\"><figure class=\"aligncenter\"><img loading=\"lazy\" width=\"300\" height=\"225\" src=\"https:\/\/centine.cl\/site\/wp-content\/uploads\/2018\/10\/2-300x225.jpg\" alt=\"\" class=\"wp-image-108\" srcset=\"https:\/\/www.centine.cl\/site\/wp-content\/uploads\/2018\/10\/2-300x225.jpg 300w, https:\/\/www.centine.cl\/site\/wp-content\/uploads\/2018\/10\/2.jpg 480w\" sizes=\"(max-width: 300px) 100vw, 300px\" \/><\/figure><\/div>\n\n\n\n<p><\/p>\n","protected":false},"excerpt":{"rendered":"<p>Entregar un servicio de ingenier\u00eda el\u00e9ctrica a nuestros clientes, garantizando estrictos est\u00e1ndares de calidad, seguridad y respeto al medio ambiente, contando con los mejores profesionales y personal competente, que nos permita generar d\u00eda a d\u00eda nuevas herramientas para potenciar nuestras capacidades como l\u00edderes en las \u00e1reas de L\u00edneas Energizadas, Construcci\u00f3n y Mantenimiento del Sistema El\u00e9ctrico<\/p><\/div>\n<div class=\"blog-btn\"><a href=\"https:\/\/www.centine.cl\/site\/mision\/\" class=\"home-blog-btn\">Leer m\u00e1s<\/a><\/p>\n","protected":false},"author":1,"featured_media":0,"parent":0,"menu_order":0,"comment_status":"closed","ping_status":"closed","template":"","meta":[],"_links":{"self":[{"href":"https:\/\/www.centine.cl\/site\/wp-json\/wp\/v2\/pages\/34"}],"collection":[{"href":"https:\/\/www.centine.cl\/site\/wp-json\/wp\/v2\/pages"}],"about":[{"href":"https:\/\/www.centine.cl\/site\/wp-json\/wp\/v2\/types\/page"}],"author":[{"embeddable":true,"href":"https:\/\/www.centine.cl\/site\/wp-json\/wp\/v2\/users\/1"}],"replies":[{"embeddable":true,"href":"https:\/\/www.centine.cl\/site\/wp-json\/wp\/v2\/comments?post=34"}],"version-history":[{"count":11,"href":"https:\/\/www.centine.cl\/site\/wp-json\/wp\/v2\/pages\/34\/revisions"}],"predecessor-version":[{"id":559,"href":"https:\/\/www.centine.cl\/site\/wp-json\/wp\/v2\/pages\/34\/revisions\/559"}],"wp:attachment":[{"href":"https:\/\/www.centine.cl\/site\/wp-json\/wp\/v2\/media?parent=34"}],"curies":[{"name":"wp","href":"https:\/\/api.w.org\/{rel}","templated":true}]}}